te the remainder when 305 is divided by s.
138
Suppose 10*v - 3593 = -763. Let w = v + -199. What is the remainder when w is divided by 29?
26
Suppose g + 96 = 3*g - 4*f, -5*f = -g + 63. Let q = -232 - -240. Suppose 3*o - 2*j - 31 = 0, -o = -3*j - 9 + q. What is the remainder when g is divided by o?
12
Suppose -55*t = -3353 - 6052. Calculate the remainder when t is divided by 69.
33
Suppose 0 = k - 3*s + 2 - 18, -2*s = 5*k - 131. Let o = 2551 - 2492. Calculate the remainder when o is divided by k.
9
Suppose 0 = -12*n + 3*b + 47688, 21*n - b = 24*n - 11929. What is the remainder when n is divided by 41?
39
Let c = 29 + -31. What is the remainder when 2/c*2 + (-27 - -96) is divided by 26?
15
Let s be ((-12)/6)/(27/12 + -2). Let h be ((-2)/s - (-135)/36) + -7. Calculate the remainder when 5 is divided by 10/4*(h/15 - -1).
1
Let c = -10332 - -10360. Calculate the remainder when 87 is divided by c.
3
Let b = 103 - 99. Suppose 3*m - 161 = -2*x, -5*m - b*x = -139 - 130. What is the remainder when m is divided by 12?
5
Suppose -5*b - 251 = -3*y, -2*y - 414*b = -413*b - 189. What is the remainder when 109 is divided by y?
17
Let o(l) = l - 5. Let g be o(5). Suppose g = -x - 4*u + 3*u + 10, -3*x = 4*u - 35. Suppose -x*f + 9 + 36 = 0. What is the remainder when 25 is divided by f?
7
Let h(n) = 4*n**3 - 7*n**2 - 12*n - 31. Calculate the remainder when h(4) is divided by 12.
5
Let k(d) = 11*d**2 + 4 - 7*d - 12*d**2 + 20*d + 4*d. Let y be k(17). What is the remainder when -47*(-7 + y + 2) is divided by 24?
23
Let b be 1 + (-6 - 8) - -1. Suppose -4*o + 5*n = -10, o = -4*n + 1 - 9. What is the remainder when 64 - o - (-4)/(b/9) is divided by 22?
17
Let d(q) = -196*q - 11004. Calculate the remainder when d(-59) is divided by 119.
84
Let r(q) = 3*q**3 - 9*q**2 - 6*q + 10. Calculate the remainder when 359 is divided by r(4).
19
Let c(p) = -19*p**2 + 821*p - 128. Calculate the remainder when 54515 is divided by c(43).
43
Let g be (-3 - -4) + (2 - 2). Suppose -81*n + 109 + 115 = 62. What is the remainder when g/(-3) + 86/6 is divided by n?
0
Let m be -2 - (2/12 + (-65)/30). Suppose m = 5*y - 681 + 16. Suppose -6*l + 23 = -y. What is the remainder when l is divided by 11?
4
Suppose -5*h - 4*w = -203, -h + 3*w + 24 + 9 = 0. Let b = 100 - h. What is the remainder when b is divided by 32?
29
Suppose 66*s - 69*s + 5*t + 248 = 0, -470 = -5*s - 3*t. Calculate the remainder when 650 is divided by s.
13
Let i(x) = 3*x**2 - 20*x - 15. What is the remainder when 1018 is divided by i(11)?
122
Suppose 10 = -6*y + 34. Suppose -y*k - 505 = -3*z - 0*k, -510 = -3*z + 3*k. Suppose 0*j = 7*j - z. What is the remainder when j is divided by 4?
1
What is the remainder when -155*(-1)/((-35)/10 + 6) is divided by -2*13*1/(-2)?
10
Suppose 5*w - 67*r + 65*r = 222, -5*w + 3*r = -223. Calculate the remainder when 1582 is divided by w.
42
Let z(h) = -h**3 + 44*h**2 - 301*h + 3. Calculate the remainder when z(19) is divided by 14.
5
Suppose -5*g - 1885 = -3*p - 428, -301 = g - 3*p. Let i = -279 - g. What is the remainder when 76 is divided by i?
6
Let u = 197 + -193. Suppose u*i - y - 158 = 0, -5*i - 3*y + 185 = 2*y. Calculate the remainder when i is divided by 7.
4
Let p = -4585 + 4639. Calculate the remainder when 262 is divided by p.
46
Let o(h) = -5*h**2 + 3*h. Let r be o(4). Suppose -x + y + 77 = 0, -157*y - 71 = -x - 162*y. Let z = r + x. What is the remainder when 27 is divided by z?
3
Let f be -1 + -86 - (33 - 32). Let b = f - -102. What is the remainder when 41 is divided by b?
13
Let v(n) = 139*n - 1796. What is the remainder when v(15) is divided by 60?
49
Let d = -14283 + 14527. Calculate the remainder when 279 is divided by d.
35
Let g(c) = c**2 + 55*c + 970. What is the remainder when 3163 is divided by g(-36)?
17
What is the remainder when 99 is divided by 20/(240/36) + -2 + 21?
11
Suppose 24*t - 1980 = -36*t. Let c(f) = -145*f + 8. Calculate the remainder when c(-1) is divided by t.
21
Let n(o) = 119*o**2 + 70*o + 362. What is the remainder when n(-5) is divided by 249?
248
Let i(a) = -28908*a**3 - 4*a**2 - 111*a - 108. What is the remainder when i(-1) is divided by 59?
56
Suppose -2*z + 6 = -l, 3*l = 4*z - z - 6. Calculate the remainder when 23 is divided by ((15 - -11)/13)/(l/13).
10
Let g = -96 + 104. Suppose 0 = g*n - 6*n - 24. Suppose -12*y + n = -10*y. What is the remainder when 28 is divided by y?
4
Suppose 4*t + 0*t - 232 = 0. Let m(u) = -1690*u - 11824. Calculate the remainder when t is divided by m(-7).
4
Let z(y) = y**3 - 6*y**2 - 41*y - 41. Calculate the remainder when 2145 is divided by z(11).
111
Suppose 30 = -x + 4*h - 14, 3*h = -5*x - 197. Let w = -23 - x. What is the remainder when w is divided by 11?
6
Let y = 15752 - 15733. What is the remainder when 1256 is divided by y?
2
Let o be (-7)/(-21)*-8*(-42)/8. Suppose 10*q + o = 12*q. Let n(f) = -6*f + 66. Calculate the remainder when 68 is divided by n(q).
20
Suppose 4*l - 4*x = 468, 4*x - 369 = -3*l + x. Suppose 104 = 7*t - l. What is the remainder when t is divided by 11?
10
Let b(h) = -4*h - 39. Let d = 687 - 418. Calculate the remainder when d is divided by b(-13).
9
Let z(c) = c**3 - 3*c**2 - 80*c + 328. Let x = -38 - -24. What is the remainder when (-6)/21 + (-116)/x is divided by z(8)?
0
Suppose 15 = -18*f + 13*f, 3*y - 27 = 4*f. Calculate the remainder when 2189 is divided by y.
4
Let g(t) = -310 + 2*t + 2*t + 267. Let r be g(12). Suppose 3*z - z - r*q = -7, -4*z = -2*q - 26. What is the remainder when 22 is divided by z?
4
Calculate the remainder when 10915 is divided by (-4)/14 - (-210)/392*584/3.
99
Suppose -48*k + 126 = -930. What is the remainder when k is divided by (-54)/(-8) + (-6)/8?
4
Let b be 116*(29/(-4) - -8). Let p = b - 46. Calculate the remainder when 368 is divided by p.
40
Let m = -1 + 11. Suppose m*f - 4*f = 18. Let h(r) = r**2 + 4*r - 2. What is the remainder when 52 is divided by h(f)?
14
Suppose -4*x + 321 = 3*o - x, 0 = 4*o - 2*x - 398. Let n = -68 + o. What is the remainder when 126 is divided by n?
24
Let d(c) = -c**3 + 10*c**2 - 8*c + 9. Suppose -32 = 4*m, -p - 17 + 9 = 3*m. Calculate the remainder when d(9) is divided by p.
2
Suppose v + 9*i - 4*i = 118, -2*i = -v + 97. Let n(s) = s**2 + 3*s - 14. What is the remainder when v is divided by n(5)?
25
Suppose 3*q + 7 = -5*n + 41, -3*q - 46 = -5*n. Let g(d) = -d**2 + 11*d - 15. Let k be g(n). Suppose -8 = -k*x + 1. What is the remainder when 3 is divided by x?
0
What is the remainder when (-328)/5*(-780)/117*6/4 is divided by 85?
61
Let s be ((-3)/(-1))/((-9)/(-3)). Suppose 0 = -5*q + 3*n + 117, -s - 18 = -q + 5*n. Let f = 176 + -159. What is the remainder when q is divided by f?
7
Suppose -20*s + 322 = -13*s. What is the remainder when (-50)/15*342/(-5) is divided by s?
44
Let d = -37 - -70. Let g = 126 + -109. Calculate the remainder when d is divided by g.
16
Let j = 48229 + -47839. What is the remainder when j is divided by 99?
93
Suppose 2*z = i + 9, 2*z - 6*z = 3*i - 13. Let j(o) = -o**2 + 9*o + 5. Calculate the remainder when j(4) is divided by 13 - i - 1/(-1).
10
Suppose 0 = 30*k - 25*k - 3*p - 13, -4*p = 4. What is the remainder when (-3)/((-25)/(-65)*k/(-10)) is divided by 11?
6
What is the remainder when (8/(-16))/((-23)/125074) is divided by 20?
19
Let a(y) = 8*y**2 + 163*y + 1273. Calculate the remainder when a(-8) is divided by 212.
57
Let k be (1 + 35)/((-30)/(-15)). Let j(b) = 0 + 20*b**2 - k*b**2 + 19*b**2 + 15*b - 1. Calculate the remainder when j(-2) is divided by 14.
11
Let h = 17062 - 16993. Let l = 15 - 7. Calculate the remainder when h is divided by l.
5
Suppose 3*b - 226 = -4*w, -w - b + 36 + 21 = 0. Suppose 64*s + o - 182 = 60*s, 2*o + 208 = 5*s. Calculate the remainder when w is divided by s.
11
Suppose 2923 + 341 = -8*c. Let d = -387 - c. What is the remainder when (-135)/(-4) - (-4)/16 is divided by d?
13
Let u = -16423 + 19493. Calculate the remainder when u is divided by 192.
190
Let c(w) = 7*w - 12. Suppose -6 + 27 = 3*u. Let b be c(u). Let f = b + -10. What is the remainder when f is divided by 10?
7
Let v = -43859 + 43962. What is the remainder when 3274 is divided by v?
81
Suppose -2*h + 25*v = 27*v - 294, 0 = -2*h - 3*v + 298. Calculate the remainder when h is divided by 12.
11
Suppose -4 + 0 